{"id":141,"date":"2025-03-05T14:06:46","date_gmt":"2025-03-05T14:06:46","guid":{"rendered":"http:\/\/erasmusera.com\/?page_id=141"},"modified":"2025-03-05T14:06:46","modified_gmt":"2025-03-05T14:06:46","slug":"sanal-gerceklik-farkindalik-sanat-terapisi-platformu","status":"publish","type":"page","link":"https:\/\/erasmusera.com\/?page_id=141&lang=tr","title":{"rendered":"Sanal Ger\u00e7eklik Fark\u0131ndal\u0131k Sanat Terapisi Platformu"},"content":{"rendered":"\n<p class=\"has-text-align-center\">Bu i\u015f paketi, Sanal Ger\u00e7eklik Sanat Terapisi Platformu (VR) i\u00e7in mod\u00fcl geli\u015ftirmeye odaklanmaktad\u0131r. WP2&#8217;nin \u00f6zel hedefleri, k\u0131rsal alanlardaki ya\u015fl\u0131 bireylerin ihtiya\u00e7lar\u0131n\u0131 kar\u015f\u0131layan yenilik\u00e7i ve etkili mod\u00fcllerin olu\u015fturulmas\u0131n\u0131 kolayla\u015ft\u0131rarak projenin genel hedeflerine katk\u0131da bulunmak \u00fczere tasarlanm\u0131\u015ft\u0131r.<\/p>\n\n\n\n<p class=\"has-text-align-center has-2-xl-font-size\"><strong>Ama\u00e7lar<\/strong><\/p>\n\n\n\n<ol class=\"wp-block-list\">\n<li>Ki\u015fiye \u00f6zel sanat terapisi mod\u00fclleri geli\u015ftirin<\/li>\n\n\n\n<li>VR teknolojisini sanat terapisi teknikleriyle entegre edin<\/li>\n\n\n\n<li>Eri\u015filebilirli\u011fi ve kullan\u0131labilirli\u011fi sa\u011flay\u0131n<\/li>\n\n\n\n<li>Kan\u0131ta dayal\u0131 uygulamalar\u0131 uygulay\u0131n<\/li>\n\n\n\n<li>\u0130\u015f birli\u011fini ve payda\u015f kat\u0131l\u0131m\u0131n\u0131 te\u015fvik edin<\/li>\n<\/ol>\n\n\n\n<p class=\"has-text-align-center has-2-xl-font-size\"><strong>Ana sonu\u00e7lar<\/strong><\/p>\n\n\n\n<p><strong>1.<\/strong> <strong>Ki\u015fiye \u00f6zel sanat terapisi mod\u00fclleri:<\/strong><\/p>\n\n\n\n<p>Duygusal ifade, bili\u015fsel uyar\u0131m ve sosyal etkile\u015fim gibi terap\u00f6tik hedeflere hitap eden, Sanal Ger\u00e7eklik Sanat Terapisi Platformu i\u00e7in \u00f6zel olarak tasarlanm\u0131\u015f \u00f6zelle\u015ftirilmi\u015f sanat terapisi mod\u00fclleri geli\u015ftirmek.<\/p>\n\n\n\n<ol class=\"wp-block-list\"><\/ol>\n\n\n\n<ol class=\"wp-block-list\"><\/ol>\n\n\n\n<ol class=\"wp-block-list\"><\/ol>\n\n\n\n<p><strong>2. VR teknolojisinin sanat terapisi teknikleriyle entegrasyonu:<\/strong><\/p>\n\n\n\n<p>Terap\u00f6tik deneyimi geli\u015ftirmek i\u00e7in sanal ger\u00e7eklik teknolojisini geleneksel sanat terapisi y\u00f6ntemleriyle ba\u015far\u0131l\u0131 bir \u015fekilde birle\u015ftirmek, VR&#8217;nin s\u00fcr\u00fckleyici yeteneklerinden yararlanmak.<\/p>\n\n\n\n<p><strong>3. Eri\u015filebilirlik ve kullan\u0131c\u0131 dostu olma:<\/strong><\/p>\n\n\n\n<p>Geli\u015ftirilen mod\u00fcllerin k\u0131rsal alanlardaki ya\u015fl\u0131 bireyler i\u00e7in eri\u015filebilir ve kullan\u0131c\u0131 dostu olmas\u0131n\u0131 sa\u011flamak, sezgisel aray\u00fczler ve farkl\u0131 teknolojik yeterlilik seviyelerine uyum sa\u011flamak i\u00e7in net talimatlar sa\u011flamak.<\/p>\n\n\n\n<p><strong>4. Kan\u0131ta dayal\u0131 uygulamalar\u0131n uygulanmas\u0131:<\/strong><\/p>\n\n\n\n<p>Kan\u0131ta dayal\u0131 uygulamalar\u0131 ve terap\u00f6tik ilkeleri mod\u00fcl geli\u015ftirmeye dahil etmek, m\u00fcdahaleleri yerle\u015fik ara\u015ft\u0131rma bulgular\u0131na ve klinik y\u00f6nergelere dayand\u0131rmak.<\/p>\n\n\n\n<p><strong>5. Payda\u015f kat\u0131l\u0131ml\u0131 geli\u015ftirme:<\/strong><\/p>\n\n\n\n<p>Geri bildirim toplamak, \u00e7e\u015fitli bak\u0131\u015f a\u00e7\u0131lar\u0131n\u0131 dahil etmek ve alaka ve etkinli\u011fi sa\u011flamak i\u00e7in s\u00fcre\u00e7 boyunca payda\u015flar\u0131 aktif olarak dahil etmek, sanat terapistleri, sa\u011fl\u0131k profesyonelleri ve son kullan\u0131c\u0131larla i\u015f birli\u011fini te\u015fvik etmek.<\/p>\n","protected":false},"excerpt":{"rendered":"<p>Bu i\u015f paketi, Sanal Ger\u00e7eklik Sanat Terapisi Platformu (VR) i\u00e7in mod\u00fcl geli\u015ftirmeye odaklanmaktad\u0131r. WP2&#8217;nin \u00f6zel hedefleri, k\u0131rsal alanlardaki ya\u015fl\u0131 bireylerin [&hellip;]<\/p>\n","protected":false},"author":2,"featured_media":0,"parent":0,"menu_order":0,"comment_status":"closed","ping_status":"closed","template":"","meta":{"site-sidebar-layout":"default","site-content-layout":"","ast-site-content-layout":"","site-content-style":"default","site-sidebar-style":"default","ast-global-header-display":"","ast-banner-title-visibility":"","ast-main-header-display":"","ast-hfb-above-header-display":"","ast-hfb-below-header-display":"","ast-hfb-mobile-header-display":"","site-post-title":"","ast-breadcrumbs-content":"","ast-featured-img":"","footer-sml-layout":"","theme-transparent-header-meta":"","adv-header-id-meta":"","stick-header-meta":"","header-above-stick-meta":"","header-main-stick-meta":"","header-below-stick-meta":"","astra-migrate-meta-layouts":"default","ast-page-background-enabled":"default","ast-page-background-meta":{"desktop":{"background-color":"var(--ast-global-color-5)","background-image":"","background-repeat":"repeat","background-position":"center center","background-size":"auto","background-attachment":"scroll","background-type":"","background-media":"","overlay-type":"","overlay-color":"","overlay-opacity":"","overlay-gradient":""},"tablet":{"background-color":"","background-image":"","background-repeat":"repeat","background-position":"center center","background-size":"auto","background-attachment":"scroll","background-type":"","background-media":"","overlay-type":"","overlay-color":"","overlay-opacity":"","overlay-gradient":""},"mobile":{"background-color":"","background-image":"","background-repeat":"repeat","background-position":"center center","background-size":"auto","background-attachment":"scroll","background-type":"","background-media":"","overlay-type":"","overlay-color":"","overlay-opacity":"","overlay-gradient":""}},"ast-content-background-meta":{"desktop":{"background-color":"var(--ast-global-color-4)","background-image":"","background-repeat":"repeat","background-position":"center center","background-size":"auto","background-attachment":"scroll","background-type":"","background-media":"","overlay-type":"","overlay-color":"","overlay-opacity":"","overlay-gradient":""},"tablet":{"background-color":"var(--ast-global-color-4)","background-image":"","background-repeat":"repeat","background-position":"center center","background-size":"auto","background-attachment":"scroll","background-type":"","background-media":"","overlay-type":"","overlay-color":"","overlay-opacity":"","overlay-gradient":""},"mobile":{"background-color":"var(--ast-global-color-4)","background-image":"","background-repeat":"repeat","background-position":"center center","background-size":"auto","background-attachment":"scroll","background-type":"","background-media":"","overlay-type":"","overlay-color":"","overlay-opacity":"","overlay-gradient":""}},"footnotes":""},"class_list":["post-141","page","type-page","status-publish","hentry"],"jetpack_sharing_enabled":true,"_links":{"self":[{"href":"https:\/\/erasmusera.com\/index.php?rest_route=\/wp\/v2\/pages\/141","targetHints":{"allow":["GET"]}}],"collection":[{"href":"https:\/\/erasmusera.com\/index.php?rest_route=\/wp\/v2\/pages"}],"about":[{"href":"https:\/\/erasmusera.com\/index.php?rest_route=\/wp\/v2\/types\/page"}],"author":[{"embeddable":true,"href":"https:\/\/erasmusera.com\/index.php?rest_route=\/wp\/v2\/users\/2"}],"replies":[{"embeddable":true,"href":"https:\/\/erasmusera.com\/index.php?rest_route=%2Fwp%2Fv2%2Fcomments&post=141"}],"version-history":[{"count":1,"href":"https:\/\/erasmusera.com\/index.php?rest_route=\/wp\/v2\/pages\/141\/revisions"}],"predecessor-version":[{"id":143,"href":"https:\/\/erasmusera.com\/index.php?rest_route=\/wp\/v2\/pages\/141\/revisions\/143"}],"wp:attachment":[{"href":"https:\/\/erasmusera.com\/index.php?rest_route=%2Fwp%2Fv2%2Fmedia&parent=141"}],"curies":[{"name":"wp","href":"https:\/\/api.w.org\/{rel}","templated":true}]}}